 when 47 is divided by b.
23
Suppose 41 = 5*g + 6. Calculate the remainder when 24 is divided by g.
3
Calculate the remainder when 1052/10 - (-16)/20 is divided by 9.
7
Let h = -14 + 20. What is the remainder when h is divided by 3?
0
Let b(g) = 2*g**2 + 5*g + 5. Calculate the remainder when b(-6) is divided by (-10)/(-8)*(-160)/(-8).
22
Suppose 0 = -5*t - 78 + 103. Let q = 38 + -21. What is the remainder when q is divided by t?
2
Let t be 4*(-12)/40*5. Calculate the remainder when 15 is divided by 0 + 1 - t/2.
3
Let h(c) = -14*c**3 + 2*c**2 + c. What is the remainder when (-249)/(-6) + 0 - (-6)/4 is divided by h(-1)?
13
Let i(t) = -2*t**2 + 14*t + 12. What is the remainder when 19 is divided by i(7)?
7
Suppose 0 = k - 5*l + 6 - 0, -3*k - 7 = -4*l. Let v = k + 3. Suppose 76 = 2*h + v*h. Calculate the remainder when h is divided by 7.
5
Let m = -96 - -137. Calculate the remainder when m is divided by 2.
1
Suppose 0 = 5*f - 10, -r + 4*r - 4*f = 73. Let b = r - -4. Calculate the remainder when b is divided by 17.
14
Let k = -5 + 8. Suppose -k*c + 27 = -3. Calculate the remainder when 28 is divided by c.
8
Suppose -6 = -4*q + 2. Suppose 3*r - 15 = 2*s, q*r = 5*s + 8 + 13. Calculate the remainder when r is divided by 1.
0
Suppose 0 = -3*t + 6, -2*t = 2*f - 0*t - 56. Let s be 4/(-20) - f/(-5). Suppose s*l - 13 = 2. What is the remainder when 4 is divided by l?
1
Let g(s) = s + 2. Let f(q) = 2*q**2 + 4*q - 7. Let y(d) = -2*d + 7. Let p be y(6). What is the remainder when f(p) is divided by g(6)?
7
Suppose -2*f - 2*f = -20, -14 = -3*z - 4*f. What is the remainder when 7 is divided by 4/z + 8/2?
1
Let v(c) = -c - 5. Let z be v(0). Let p = z + 10. Suppose 13 = y - o, 5*o - 22 = -p*y + 13. Calculate the remainder when 18 is divided by y.
8
Let k = 220 + -190. Suppose 0 = 5*d - 53 + 13. Calculate the remainder when k is divided by d.
6
Let i be 1/(3/10)*6. Suppose 0 = -6*w + 2*w + i. Let f = -11 - -19. Calculate the remainder when f is divided by w.
3
Let x(y) = y**2 - 9*y + 4. Let j be x(6). Let u = 19 + j. Calculate the remainder when 9 is divided by u.
4
Let r = 27 - 1. Suppose b - 10 = -0*b - 2*j, 3*b = -5*j + r. Suppose q - b*q = -31. Calculate the remainder when q is divided by 11.
9
Let r(u) = u**3 - 7*u**2 + 5. Let b be r(7). Suppose -77 = -b*l - 12. What is the remainder when 25 is divided by l?
12
Let c(b) = b + 39. Let p = 110 + -90. What is the remainder when c(0) is divided by p?
19
Suppose u + u = 748. Suppose -134 + u = 5*q. What is the remainder when q is divided by 13?
9
Suppose -t = -b, b - 2*b = -5*t. What is the remainder when 19 is divided by 5/(-5)*(t + -7)?
5
Suppose 40 = -4*o - 36. Let y = o - -31. Calculate the remainder when y is divided by 7*(-1)/(2/(-2)).
5
Let d(i) = 4*i + 2*i**2 - 4*i**2 + i**2 + 12 - 2. Calculate the remainder when d(5) is divided by 2.
1
Let n(l) = 2*l - 7. Calculate the remainder when 49 is divided by n(10).
10
Suppose 4*v - 788 = 776. Calculate the remainder when v is divided by 56.
55
Let p be 32*(-2)/4*-1. Let i = p - 8. What is the remainder when 15 is divided by i?
7
Let y be 7/2*(24 + -10). Let k = 69 - y. Calculate the remainder when 37 is divided by k.
17
Suppose 3*m - 52 = -m. Let n(h) = 5*h - 3. Let y be n(5). What is the remainder when 510/y - (-2)/(-11) is divided by m?
10
Suppose 0 = 3*j - 2 - 1. What is the remainder when 161/4 + j/(-4) is divided by 14?
12
Let w = -34 - -38. What is the remainder when 15 is divided by w?
3
Let s = -5 + 11. Let q = -4 + s. Suppose -v + 13 = q*h - 3*h, 0 = -4*v - 2*h + 46. Calculate the remainder when 46 is divided by v.
10
Suppose 16 = 2*t + 2*t. Let w = 11 + 3. What is the remainder when (14 + -1)/(2/t) is divided by w?
12
Let m = 104 - 223. Let c = -75 - m. Suppose b + b = c. Calculate the remainder when b is divided by 8.
6
Suppose 3 = 5*x - 32. Let h(m) = m**3 + 29*m**2 - 3*m - 67. Calculate the remainder when h(-29) is divided by x.
6
Suppose 5*n - 75 = 2*w - 5*w, -w + 3*n + 39 = 0. Calculate the remainder when 117 is divided by w.
27
Let s(g) = g - 6. Let c be s(15). Suppose -33 + c = -3*j. Calculate the remainder when 28 is divided by j.
4
Let w(j) = -1 - 4*j - 2*j + 2 + 3*j. Calculate the remainder when 65 is divided by w(-7).
21
Suppose 4*d - 5791 = -o - 4*o, -2*d = 2*o - 2318. Calculate the remainder when 4/(-6) - o/(-45) is divided by 9.
7
Let t(k) be the first derivative of k**2 - 9. Calculate the remainder when 7 is divided by t(1).
1
Let s = 162 + -111. What is the remainder when s is divided by 13?
12
Suppose -13 + 2 = 3*f + y, -2*y = -2*f - 10. Calculate the remainder when (28 - 1)*2/3 is divided by ((-5)/(-4))/(f/(-32)).
8
Let f = 19 + -17. Calculate the remainder when f is divided by 2.
0
Suppose 3*m = -13*m + 384. Calculate the remainder when 66 is divided by m.
18
Suppose -3*z = -21 - 45. Let p(i) be the third derivative of -i**5/60 + i**4/2 + 5*i**3/3 + i**2. Calculate the remainder when p(8) is divided by z.
20
Let m = -236 - -284. What is the remainder when m is divided by (-1 - (-1 + 1)) + 26?
23
Suppose -d = 2*d + q + 10, 0 = 5*d + 3*q + 18. What is the remainder when (-101)/(-3) - 1/d is divided by 90/(-4)*(-4)/5?
16
Suppose m - 6*m = -3*h - 44, 6 = m - 2*h. Calculate the remainder when 17 is divided by m.
7
Suppose -5*y + 24 = -1. Suppose -y*u - a = -34, -3*a = -u - u. What is the remainder when u is divided by 4?
2
Let z = 3 - 5. Let y = z - -24. Calculate the remainder when y is divided by 6.
4
Suppose d = 2*v - 53, -65 = -5*v + 4*d + 63. Calculate the remainder when v is divided by (90/9)/(1/1).
8
Let x(b) = 4*b - b**3 + 0*b**3 + 5 - 2*b**2 + 0*b**3. Calculate the remainder when x(-4) is divided by 11.
10
Let j = 165 + -149. Calculate the remainder when j is divided by 7.
2
Let r(d) = -d**2 - 11*d - 4. What is the remainder when r(-10) is divided by 4?
2
Let d(z) = z**3 - 4*z**2 + 4*z - 3. Let p(v) = -4*v. Calculate the remainder when p(-6) is divided by d(4).
11
Let x = -225 - -126. Let c = -45 - x. Calculate the remainder when c is divided by 19.
16
Suppose 4*m + 128 = 3*l + 364, 4*m = 5*l + 236. What is the remainder when m is divided by (-6 + 16)/(7/21)?
29
Let b = -11 + 25. Calculate the remainder when 68 is divided by b.
12
Suppose -2*d - 5*v = d - 83, 51 = 3*d - 3*v. Suppose 5*z = 3*w + 75, 4*z - 6*w + 2*w = 68. Calculate the remainder when d is divided by z.
9
Let n(o) be the third derivative of o**4/24 - 5*o**3/3 - 3*o**2. What is the remainder when n(13) is divided by 3?
0
Let y = 3 - 0. What is the remainder when y is divided by 1?
0
Suppose -5*z - 316 = -4*g, 12 - 71 = z - 5*g. Let k = z + 89. Calculate the remainder when 49 is divided by k.
24
Suppose -t = -13 - 19. Calculate the remainder when 93 is divided by t.
29
Suppose 6*m = 23 + 67. Calculate the remainder when 55 is divided by m.
10
Let h be ((-2)/(-5))/((-1)/25). Let z = h + 73. What is the remainder when z is divided by 16?
15
Let t be 5/(-15) + (-1)/(-3). What is the remainder when 4/6 - 188/(-6) is divided by (t + -17)*1*-1?
15
Let u = 27 + -12. Suppose 0 = 4*v - 3*v + 4*l + 26, l + 59 = -4*v. Let p = 22 + v. Calculate the remainder when u is divided by p.
7
Let k(p) = -p**3 - 3*p**2 - 2*p - 1. Let j be k(-3). Let f = 3 - 4. Let o = j + f. Calculate the remainder when o is divided by 3.
1
Let x(y) = 2*y**3 - y**2 - 2*y + 2. Let f be x(2). Let w = f + 0. Calculate the remainder when w is divided by 4.
2
Suppose -2*o - 2*o + 2*w + 150 = 0, -194 = -5*o - 4*w. Let g be ((-2)/(-2))/((-1)/13). What is the remainder when o is divided by (g/2)/((-2)/4)?
12
Let g be (-1 - (-3 - -1)) + 29. What is the remainder when (-2)/12 + 515/g is divided by -1*(-8 + 2/1)?
5
Let l = 151 + 7. What is the remainder when l is divided by 27?
23
Let n = 26 - -21. What is the remainder when n is divided by 10?
7
Suppose -3*y - 33 = -2*w, 22 - 94 = -5*w + 4*y. Suppose 0 = d - 3*o - 24, -d = -4*o + 2*o - 27. Calculate the remainder when d is divided by w.
9
Let z = 13 + -10. Suppose -21 = -3*k - 3. What is the remainder when k is divided by z?
0
Let v = -3 - -50. Calculate the remainder when v is divided by 8.
7
Let r = 190 - 98. Suppose -2*w + 91 = 5*o, w + 43 - 136 = -5*o. What is the remainder when r is divided by o?
16
Let s = -23 + 48. Let k(u) = -u**3 - 9*u**2 + 3*u + 4. Cal